 common divisor of 110 and w.
22
Suppose 0 = -3*t + 5*n + 62, 2*t - 150 = -3*t - n. Suppose -4*x + a - t = -9*x, -3*x = 4*a - 14. What is the greatest common divisor of 60 and x?
6
Suppose -u - 3*a - 2*a = -27, 0 = u - 3*a - 35. Suppose 3*i = 208 - 16. Calculate the highest common divisor of i and u.
32
Let g be (-2)/3 - (-53)/3. Let z = -10 + g. Let k(n) = 3*n - 6. Let c be k(z). Calculate the greatest common factor of 135 and c.
15
Let b be 13/3 - 1/3. Let c = 9 - b. Suppose 2*d = 2*v + v - 22, 5*v = c*d + 35. What is the greatest common divisor of 16 and v?
8
Suppose 0*g = -g + 12. Calculate the highest common factor of 12 and g.
12
Let q(s) = s**3 - 2*s - 2. Let g be q(3). Suppose -3*f + 203 = -5*v, -5*f + 329 = -f + 5*v. Calculate the highest common divisor of g and f.
19
Let j be 3*-3*(-9)/27. Suppose -4*x + x + 9 = 3*n, -j*n = 5*x - 19. What is the greatest common factor of 40 and x?
5
Let t = -16 - -55. What is the greatest common factor of t and 13?
13
Suppose 5*q - 9 = -r, 1 + 83 = 4*r + 4*q. Let v be (-1)/(-5) + 358/10. Calculate the highest common factor of r and v.
12
Let l(j) = -4*j - 1. Let r be l(-7). Suppose -r = -2*w - 7. What is the highest common divisor of w and 80?
10
Let s(k) = k**2 - 5*k + 4. Let m be s(7). Calculate the highest common divisor of 90 and m.
18
Let m = -39 + 51. Calculate the highest common divisor of m and 60.
12
Let x(n) = n + 14. Let j be x(-12). Suppose h + j*h = 6. What is the greatest common factor of h and 5?
1
Let h(t) = -2*t + 3. Let w be h(-4). What is the highest common factor of 44 and w?
11
Let b(i) = 5*i**2 + i + 1. Let a be 0/(-3) - (1 + 0). Let x be b(a). Let o be ((-4)/x)/((-8)/140). What is the greatest common factor of o and 35?
7
Suppose -3*p + n = 92, n - 49 = p - 3*n. Let j = 47 + p. Calculate the highest common factor of 27 and j.
9
Let i(b) = b + 4. Let j be i(-3). Let g be -3 + 5 - (j + 1). Suppose -2*d - 2*m + 288 = g, -2*d = d + 4*m - 432. What is the highest common divisor of d and 16?
16
Let q be -23*1*(-1 + 0). Calculate the highest common divisor of 92 and q.
23
Let u be (-1)/(-6) - (-1148)/24. Calculate the highest common divisor of u and 36.
12
Let g(r) = -2*r - 9. Let m be g(-6). Suppose -4*k + 3*k - m = 0, 4*k = 3*z - 309. What is the highest common divisor of z and 9?
9
Let v = -97 - -149. What is the greatest common factor of v and 13?
13
Let g be 3/9*3 - 0. Let a(t) = -6*t + 2. Let q be a(5). Let p be q/(-8) + g/2. What is the greatest common factor of p and 20?
4
Suppose 19 = 4*p - g - 0*g, 2*g = -2*p + 2. Suppose 0 = p*r - 2*v - 40, -14 = -3*r - 3*v + 7. What is the greatest common divisor of r and 18?
9
Let f be (-2)/2*(0 - 193). Let k = -105 + f. Let j be 155/15 - (-2)/3. What is the highest common divisor of j and k?
11
Suppose 0 = g - 0*g - 22. Let y = g - 16. Let k = 81 - 45. Calculate the greatest common factor of k and y.
6
Let x(p) = -3*p - 4. Let n be x(-5). Let i(a) = a**3 + a**2 - a + 44. Suppose -3*b + 0*b = 0. Let d be i(b). Calculate the greatest common factor of n and d.
11
Let p = 175 + -99. Suppose -j = 4*j + 4*g - 204, 2*j - 4*g = p. Let n = -24 + 34. Calculate the highest common factor of n and j.
10
Let i be (2/(-4) - -1)*0. Suppose i = 2*b - 20 + 4. Suppose 2*c + c - 3 = 0. What is the greatest common divisor of b and c?
1
Let x(m) = m**2 - m + 6. Let u be x(-3). What is the greatest common factor of u and 234?
18
Let k be (-2 + -9)*(-17 + -3). What is the greatest common divisor of 20 and k?
20
Suppose -4*c - 3 = -71. Let q = 317 + -164. What is the highest common factor of q and c?
17
Let l = -237 - -461. Calculate the highest common factor of l and 14.
14
Suppose -3*x + 5*h = 3*h - 130, -4*x = 2*h - 164. Let z = -128 + 156. Calculate the highest common divisor of x and z.
14
Let i be (4 - -8)*(-10)/(-3). Let z(k) = 2*k - 6. Let y be z(7). What is the highest common factor of y and i?
8
Suppose -6*w = -2*w - 20. Suppose -4*y + 8 = -3*a, -3*y + w*a = -0*y - 6. Let l be y + (18 - 1 - 2). What is the highest common divisor of l and 68?
17
Let o(s) = -4*s + 6. Let v be o(4). Let b = 24 + v. Calculate the greatest common divisor of 14 and b.
14
Suppose -6 = 4*h - 6*h. Calculate the greatest common factor of 21 and h.
3
Let j be 8/16 + 142/4. What is the greatest common factor of j and 24?
12
Suppose 385 = 5*w - 2*r, -4*w + 2*r + 509 = 199. Suppose 1 = 2*m - 7. Let f be ((-6)/m)/((-1)/10). What is the highest common factor of f and w?
15
Suppose q - 336 = -2*u, 311 = -5*u - 3*q + 1151. Suppose -5*x + 96 = -x. What is the greatest common factor of x and u?
24
Let c(f) = 6*f**2. Let x be c(1). Suppose 0 = -x*g + g + 40. Let h = -3 + 7. Calculate the greatest common divisor of g and h.
4
Let f be (0 - 1 - -9) + -2. Calculate the highest common factor of f and 2.
2
Let v be 3/(-3) - (-3)/3. Suppose v = 3*c - 6 - 6. Let g(x) = x**2 + x - 2. Let y be g(c). Calculate the highest common divisor of 27 and y.
9
Let h = -69 - -192. What is the highest common divisor of h and 41?
41
Let p(x) = -5*x**2 + 3*x**2 + 3*x - x**3 - 3*x - 3*x. Let n be p(-3). Suppose 23 = 2*z - y, -y - 2*y = 2*z - 3. What is the greatest common divisor of z and n?
9
Let w(j) = -j + 1. Let b be w(4). Let m(c) = c**3 + 4*c**2 - 2*c - 4. Let n be m(b). What is the greatest common divisor of 55 and n?
11
Let v(b) = b**2 - 10*b - 8. Let q be v(11). What is the greatest common factor of q and 12?
3
Suppose -7*r - 1307 = -201. Suppose 4*n + 2*m - 220 = -2*m, 0 = 2*m - 8. Let d = n - r. What is the highest common factor of 19 and d?
19
Let m be 2*7*3/(-2). Let g(c) = -3*c - 19. Let l be g(-7). Let y be l/(-7) + (-2694)/m. What is the greatest common divisor of y and 16?
16
Suppose 2*y - 35 + 23 = 0. Let s(b) = 2*b - 4. Let h be s(4). Let p(z) = 7*z + 2. Let j be p(h). Calculate the highest common factor of j and y.
6
Let k(p) = -3*p + 1. Let h be k(-1). Let s(b) = -b**2 + 3*b + 2. Let i be s(h). Let q be (-54)/(-4) - 1/i. What is the greatest common factor of q and 14?
14
Suppose -4*b = -5*b - g + 5, -2*b + 6 = -2*g. Suppose -72 = -4*o + 2*o + b*r, 3*r = 4*o - 124. What is the greatest common factor of 4 and o?
4
Suppose -2*d = -0*d - 4. Suppose 0 = q + d*n - 6, 5*n + 0 = 4*q + 2. Let s = 147 - 139. Calculate the greatest common factor of s and q.
2
Suppose 5*i + 42 = -8. Suppose -3 = -5*y + 2. Let q be y/(-2) - 135/i. Calculate the highest common divisor of q and 65.
13
Suppose -140 = -4*d - 0*d. Let h = 9 + -2. Calculate the highest common factor of d and h.
7
Suppose 5*v = 14 + 31. Let r(c) = 19*c**2 - c. Let h be r(1). What is the greatest common divisor of v and h?
9
Let y(t) = 41*t**2 + t - 1. Let m be y(2). Calculate the highest common divisor of m and 15.
15
Let h(d) = d**3 + 15*d**2 + 21*d - 11. Let t be h(-13). Suppose -3*f + 34 = 5*i, 0*i = -2*i - 8. Calculate the highest common factor of f and t.
18
Let k(t) = 2*t. Let l be k(1). Let p(u) = u**2 + 3*u + 0*u**l + 8 + 3*u**2. Let d be p(6). What is the greatest common divisor of d and 17?
17
Let q be 8/12 + 68/6. Suppose 4*v = 5*m - 0*v - 500, 283 = 3*m + v. What is the greatest common factor of q and m?
12
Let b(a) = 1. Let k(w) = 11*w**2 - w - 1. Let g(z) = 2*b(z) + k(z). Let d be g(1). What is the greatest common factor of d and 11?
11
Let n be 42/4 - (-4)/(-8). Calculate the highest common divisor of 40 and n.
10
Let v(h) = 4*h**3 + 3*h**2 - 2*h - 1. Let d be v(2). Suppose 75 = j + 2*j - 3*k, -4*j - 2*k + 106 = 0. What is the highest common factor of d and j?
13
Suppose -2*m + 20 = -20. Suppose -p - 2*z + 24 = p, -3*p + m = -5*z. What is the greatest common factor of 40 and p?
10
Suppose 4*l - 5*r = 47, -3*l + 4*l + 3*r = 16. What is the greatest common factor of l and 13?
13
Let s = -127 + 282. What is the greatest common divisor of s and 31?
31
Suppose 0 = 3*f - 5*f + 5*n + 37, -3*f - n + 30 = 0. What is the greatest common factor of f and 3?
1
Suppose 4*r - 2*f = -4*f + 130, -5*r - 5*f + 155 = 0. Calculate the highest common divisor of 2 and r.
2
Let v(t) = -10*t - 1. Let y be v(-2). Calculate the greatest common divisor of y and 57.
19
Let w be 4 - (-85 - (4 + -5)). Calculate the greatest common divisor of w and 11.
11
Let g be (33/2)/(3/22). What is the highest common factor of g and 11?
11
Let s(t) = t + 37. Let f be s